 h(u) = -u**3 - 44*u**2 - 526*u - 1495. What is h(-26)?
13
Let n(j) = -240677*j + 1684730. Determine n(7).
-9
Let t(r) = 4*r**3 - 257*r**2 + 64*r - 134. What is t(64)?
-134
Let i(m) = -3*m**2 - 860*m - 10542. Give i(-274).
-130
Let s(q) = -16240*q + 2192426. Give s(135).
26
Let f(l) = 13*l**2 + 332*l - 122. Calculate f(-26).
34
Let p(x) = x**3 + 35*x**2 - 7*x - 651. What is p(-34)?
743
Let u(v) = -247*v**2 - 16*v + 20. What is u(1)?
-243
Let a(l) = 2*l**3 + 35*l**2 - 271*l - 5173. Give a(-15).
17
Let y(z) = -40*z**3 + 3214*z - 3213. Give y(1).
-39
Let f(v) = -2*v**2 - 518*v - 33753. Give f(-135).
-273
Let s(w) = -w**3 - 25*w**2 - 121*w - 721. Give s(-21).
56
Let g(x) = x**2 - 48*x - 425. What is g(0)?
-425
Let i(d) = d**3 - 88*d**2 + 232*d + 1924. What is i(85)?
-31
Let b(n) = -n**3 - 3592*n**2 - 2000165*n + 1387. Give b(-689).
9
Let q(u) = -17329*u + 155948. Calculate q(9).
-13
Let j(f) = 145*f - 26823. Determine j(184).
-143
Let j(k) = -8687*k - 10053. Calculate j(-1).
-1366
Let y(d) = d**3 - 407*d + 1476. Determine y(18).
-18
Let m(i) = 84*i - 528. Determine m(5).
-108
Let g(s) = s**3 - 15*s**2 + 8*s - 349. Give g(14).
-433
Let r(w) = 3*w**2 + 17101*w - 2632638. Give r(150).
12
Let v(p) = 34*p**2 - 3724*p + 7442. Calculate v(2).
130
Let y(d) = d**3 + 34*d**2 - 63*d + 181. Determine y(-37).
-1595
Let h(f) = -6439*f + 8499472. Determine h(1320).
-8
Let d(h) = h**2 + 52049*h + 1456559. What is d(-28)?
-29
Let g(q) = -q**2 - 2779*q + 433373. Calculate g(148).
177
Let r(k) = 4257*k + 638557. Calculate r(-150).
7
Let o(v) = -592304*v - 2961515. Calculate o(-5).
5
Let k(t) = 24*t**2 - 661*t - 336620. What is k(133)?
3
Let r(i) = -12*i**3 - 217*i**2 - 210*i + 7. Determine r(-1).
12
Let r(k) = -279*k**2 - 3878*k + 35. What is r(-14)?
-357
Let l(s) = 3*s**2 - 427*s + 9088. Calculate l(26).
14
Let l(z) = 33*z**2 + 1728*z - 1081. What is l(-53)?
32
Let d(w) = -w**3 - 71*w**2 - 35*w - 2420. Calculate d(-71).
65
Let r(g) = -2*g**2 + 6167*g - 213394. Determine r(35).
1
Let m(l) = -35*l**2 + 11735*l - 3435. Calculate m(335).
-85
Let k(c) = -382*c - 42416. Determine k(-109).
-778
Let m(t) = -5*t**2 + 18*t - 89. Determine m(9).
-332
Let w(k) = -770*k**2 + 92430*k - 3603. Determine w(120).
-3
Let w(o) = o**2 + 222*o - 10261. Determine w(39).
-82
Let s(d) = -985*d - 16047. Determine s(-19).
2668
Let g(n) = -19*n - 5789. Give g(-171).
-2540
Let i(z) = z**3 - 207*z**2 - 277*z + 12099. Determine i(208).
-2253
Let v(g) = g**3 + 135*g**2 + 391*g - 576. Determine v(-132).
84
Let j(y) = -2236*y + 1085. Give j(0).
1085
Let k(o) = -6*o**3 - 64*o**2 - 129*o - 7. Give k(-8).
1
Let l(x) = -27*x**3 + x**2 + 72*x + 145. What is l(-2)?
221
Let b(f) = -f**3 + 48*f**2 + 2013*f - 11159. Give b(5).
-19
Let l(q) = 45551*q - 3051915. Give l(67).
2
Let w(f) = 27*f**2 + 15230*f + 1117. What is w(-564)?
-11
Let s(d) = 1594913*d - 6379632. What is s(4)?
20
Let y(c) = -70*c**3 + 344*c + 1286. Calculate y(-4).
4390
Let q(p) = -190330*p - 1141986. What is q(-6)?
-6
Let i(c) = -37949*c + 3149768. Give i(83).
1
Let t(y) = -3*y**2 - 254*y + 1159. Determine t(-93).
-1166
Let j(m) = m**3 - 202*m**2 - 933*m - 422. Calculate j(-4).
14
Let n(h) = -h**3 + 55*h**2 - 133*h + 1397. Calculate n(53).
-34
Let g(b) = -10265*b + 71851. What is g(7)?
-4
Let l(a) = -1817*a - 94. Calculate l(-1).
1723
Let n(s) = 95*s - 172. What is n(16)?
1348
Let z(r) = 734*r + 43297. Determine z(-59).
-9
Let g(w) = 3*w**3 + 848*w**2 - 31*w + 71345. Give g(-283).
29
Let s(t) = -68*t**2 - 24937*t - 74814. Determine s(-3).
-615
Let d(b) = -16*b**2 + 6538*b - 16977. What is d(406)?
75
Let f(i) = 44*i**2 + 3303*i + 387. Determine f(-75).
162
Let g(w) = w**2 + 172*w + 11494. Give g(-111).
4723
Let f(q) = 562*q - 10496. Give f(18).
-380
Let n(t) = 18*t**2 + 4320*t - 8704. What is n(-242)?
8
Let r(j) = 26*j**3 - 989*j**2 + 29*j + 299. What is r(38)?
-43
Let w(r) = 213*r + 1920. What is w(-7)?
429
Let u(v) = 21*v**2 - 1358*v - 84. Determine u(64).
-980
Let g(p) = -238*p + 68278. What is g(287)?
-28
Let w(u) = 52*u - 30256. What is w(583)?
60
Let a(v) = -2*v**3 + 25*v**2 + 331*v - 638. Give a(20).
-18
Let m(o) = 5*o**2 + 2865*o + 283238. Determine m(-127).
28
Let c(g) = -990*g + 5009. What is c(5)?
59
Let x(r) = -4*r**2 + 592*r + 6522. Calculate x(-11).
-474
Let g(q) = -7*q**2 + 89*q + 328. Calculate g(15).
88
Let d(x) = 2*x**3 - 69*x**2 - 511*x + 17595. What is d(35)?
935
Let h(v) = 30*v**2 + 140*v + 12. Calculate h(-4).
-68
Let i(g) = 69*g**2 + 3680*g + 1213. Calculate i(-53).
-6
Let n(w) = -69*w**2 + 2396*w - 7956. Determine n(31).
11
Let g(m) = -5*m**3 + 15*m - 111. Determine g(6).
-1101
Let u(t) = -t**3 + 267*t**2 - 11657*t - 172. What is u(55)?
-7
Let i(w) = -w**3 + 17*w**2 + 50*w - 645. Give i(13).
681
Let h(n) = n**2 - 1333*n - 40814. Give h(-30).
76
Let i(x) = -159*x**2 + 394*x - 159. Give i(2).
-7
Let j(m) = -2637*m - 2125422. Calculate j(-806).
0
Let v(n) = n**3 - 67*n**2 + 854*n - 10667. Calculate v(55).
3
Let q(k) = -30929*k + 185533. Give q(6).
-41
Let j(o) = -83*o**2 - 1373*o + 1731. Calculate j(-18).
-447
Let b(y) = 202*y**3 - 2021*y**2 - 640*y + 6496. Determine b(10).
-4
Let q(t) = -2*t**3 - 723*t**2 + 34*t - 118732. Calculate q(-362).
4
Let t(b) = -b**3 - 16*b**2 - 39*b - 786. Give t(-12).
-894
Let r(a) = 205*a + 7295. What is r(-36)?
-85
Let y(n) = 197*n**2 + 2186*n + 97. What is y(-11)?
-112
Let p(r) = -r**3 - 3031*r**2 - 1167840*r - 2711. Calculate p(-453).
7
Let x(w) = -11*w**3 + 172*w**2 + 482*w - 9. What is x(18)?
243
Let b(s) = s**3 + 12*s**2 - 94*s - 1153. Calculate b(-12).
-25
Let p(b) = b**2 - 86*b + 2657. Determine p(63).
1208
Let s(m) = 24166*m + 120774. What is s(-5)?
-56
Let n(r) = -8388*r + 109476. Determine n(13).
432
Let o(h) = -h**2 + 630*h + 115. Determine o(0).
115
Let u(m) = -3*m**3 + 4*m**2 + 33*m + 117. What is u(0)?
117
Let g(d) = -7*d**3 - 3707*d**2 + 5425*d + 61072. Give g(-531).
7
Let f(x) = x**3 + 266*x**2 - 18035*x + 159. Give f(56).
-9
Let d(h) = -3831*h - 9245. Calculate d(-3).
2248
Let d(x) = -2978*x - 306743. Calculate d(-103).
-9
Let x(o) = 8*o**2 - 160668*o - 642757. Give x(-4).
43
Let a(r) = -r**3 + 167*r**2 - 2138*r - 53. What is a(14)?
3
Let g(y) = -2*y**3 + 188*y**2 - 200*y + 873. Determine g(93).
-429
Let z(t) = -195*t - 1036. What is z(-4)?
-256
Let c(t) = -8161*t**2 + 301958*t - 42. What is c(37)?
-5
Let u(x) = -144824*x - 868987. What is u(-6)?
-43
Let p(h) = -58*h**3 - 7*h**2 - 10*h + 48. Give p(3).
-1611
Let o(s) = -s**3 + 10*s**2 + 2116*s - 4275. Give o(2).
-11
Let p(r) = 19502*r - 741175. What is p(38)?
-99
Let n(y) = 288*y - 191. Calculate n(-2).
-767
Let c(j) = -35331*j + 247946. Determine c(7).
629
Let u(r) = -r**3 + 33*r**2 - 185*r - 85. Determine u(8).
35
Let z(w) = 2*w**3 - 733*w**2 + 1818*w + 1056. What is z(364)?
328
Let v(x) = -1657*x + 377801. Calculate v(228).
5
Let y(v) = -2*v**3 + 12*v**2 - 322*v + 1586. Calculate y(5).
26
Let g(y) = -2*y**3 + 36*y**2 + 440*y - 2258. Give g(25).
-8
Let g(n) = 2*n**2 - 7*n + 7926. Determine g(0).
7926
Let n(q) = 14*q**3 + 17*q**2 + 44*q + 10. Calculate n(-4).
-790
Let t(d) = -d**2 - 52*d + 1340. Calculate t(-74).
-288
Let t(s) = 1123*s - 104370. Calculate t(93).
69
Let v(z) = -273*z**2 + 9560*z - 168. What is v(35)?
7
Let g(i) = 107895*i + 107922. Calculate g(-1).
27
Let h(g) = g**3 + 71*g**2 + 1073*g + 480. What is h(-21)?
-3
Let k(g) = 389*g + 6708. What is k(-14)?
1262
Let c(u) = -3*u**3 + 13*u**2 - 1815*u + 5399. Give c(3).
-10
Let t(q) = -3*q**2 - 1868*q - 39046. Determine t(-601).
19
Let i(m) = 95*m**2 - 159*m + 45. Determine i(2).
107
Let z(i) = -105*i - 7815. Determine z(-82).
795
Let d(m) = 4*m**3 - 21*m - 56. Calculate d(-3).
-101
Let q(k) = -4*k**2 - 193*k - 1967. What is q(-12)?
-227
Let x(i) = -4622*i + 397419. Determine x(86).
-73
Let v(w) = 510*w**2 + 168*w - 342. Determine v(2).
2034
Let m(g) = 337*g**2 + 24973*g + 2597. Calculate m(-74).
7
Let r(f) = 2*f**2 - 3695*f + 40410. Determine r(11).
7
Let p(r) = -2*r**2 + 371*r - 16931. Give p(81).
-2
Let t(o) = -8880*o + 44678. Give t(5).
278
Let k(j) = 309*j - 3064. What is k(10)?
26
Let q(x) = 5*x**2 - 2024*x - 12318. What is q(-6)?
6
Let n(c) = 16*c**2 - 168*c + 861. Give n(6).
429
Let l(t) = 6*t**2 - 832*t + 7271. What is l(9)?
269
Let l(f) = 46*f**2 + 7